 845417?
179, 4723
What are the prime factors of 28356989?
367, 77267
What are the prime factors of 7988099?
7, 263, 4339
What are the prime factors of 3751124?
2, 13, 31, 179
List the prime factors of 222630.
2, 3, 5, 41, 181
What are the prime factors of 1421733?
3, 473911
List the prime factors of 590753.
590753
What are the prime factors of 2752883?
7, 29, 71, 191
List the prime factors of 1322813.
1322813
What are the prime factors of 5104187?
11, 37, 12541
List the prime factors of 6155158.
2, 3077579
What are the prime factors of 954421?
13, 73417
What are the prime factors of 90731?
90731
List the prime factors of 7734829.
7734829
What are the prime factors of 839328?
2, 3, 7, 1249
List the prime factors of 12768949.
197, 64817
What are the prime factors of 2103845?
5, 420769
List the prime factors of 1458919.
7, 11, 18947
List the prime factors of 3784949.
7, 23, 23509
What are the prime factors of 368156?
2, 31, 2969
What are the prime factors of 15077449?
103, 146383
What are the prime factors of 177828?
2, 3, 7, 29, 73
List the prime factors of 60282.
2, 3, 17, 197
List the prime factors of 1180637.
1180637
What are the prime factors of 525579?
3, 41, 4273
What are the prime factors of 266249?
29, 9181
List the prime factors of 1562690.
2, 5, 156269
List the prime factors of 4333688.
2, 541711
List the prime factors of 20229480.
2, 3, 5, 18731
List the prime factors of 16526085.
3, 5, 29, 37991
What are the prime factors of 171910?
2, 5, 17191
What are the prime factors of 151080?
2, 3, 5, 1259
What are the prime factors of 1178221?
11, 23, 4657
What are the prime factors of 3977534?
2, 11, 180797
What are the prime factors of 5930651?
5930651
What are the prime factors of 592998?
2, 3, 7, 2017
What are the prime factors of 576877?
7, 61, 193
List the prime factors of 56696.
2, 19, 373
List the prime factors of 145397.
7, 20771
What are the prime factors of 649999?
7, 92857
List the prime factors of 453455.
5, 89, 1019
What are the prime factors of 17589957?
3, 7, 11, 76147
List the prime factors of 16540740.
2, 3, 5, 30631
List the prime factors of 265566.
2, 3, 7, 6323
List the prime factors of 3001880.
2, 5, 7, 71, 151
List the prime factors of 881316.
2, 3, 24481
List the prime factors of 8325394.
2, 7, 11, 7723
What are the prime factors of 1362645?
3, 5, 107, 283
List the prime factors of 164864.
2, 7, 23
List the prime factors of 10696131.
3, 44017
List the prime factors of 424741.
23, 59, 313
What are the prime factors of 23655776?
2, 23, 32141
List the prime factors of 30039890.
2, 5, 149, 20161
What are the prime factors of 977617?
647, 1511
List the prime factors of 2078357.
2078357
What are the prime factors of 234563?
7, 4787
List the prime factors of 3986771.
3986771
List the prime factors of 1319801.
7, 167, 1129
List the prime factors of 6234732.
2, 3, 7, 2749
List the prime factors of 1257507.
3, 17, 8219
What are the prime factors of 357428?
2, 19, 4703
List the prime factors of 236706.
2, 3, 39451
List the prime factors of 843285.
3, 5, 17, 3307
List the prime factors of 267878.
2, 13, 10303
List the prime factors of 300194.
2, 150097
List the prime factors of 2382256.
2, 148891
What are the prime factors of 535408?
2, 109, 307
What are the prime factors of 5574619?
19, 181, 1621
List the prime factors of 612426.
2, 3, 102071
List the prime factors of 1607506.
2, 163, 4931
List the prime factors of 83750.
2, 5, 67
List the prime factors of 587777.
569, 1033
What are the prime factors of 20172889?
11, 19, 263, 367
List the prime factors of 5646453.
3, 229, 8219
What are the prime factors of 482005?
5, 96401
What are the prime factors of 8749890?
2, 3, 5, 23, 1409
List the prime factors of 229776.
2, 3, 4787
What are the prime factors of 3367025?
5, 134681
What are the prime factors of 217744?
2, 31, 439
List the prime factors of 4905114.
2, 3, 817519
List the prime factors of 6117521.
29, 193, 1093
List the prime factors of 680163.
3, 11, 20611
What are the prime factors of 18911059?
18911059
What are the prime factors of 22811047?
7, 41, 79481
What are the prime factors of 442856?
2, 197, 281
What are the prime factors of 1240400?
2, 5, 7, 443
List the prime factors of 4488216.
2, 3, 187009
List the prime factors of 2230966.
2, 67, 16649
List the prime factors of 123448.
2, 13, 1187
What are the prime factors of 2694993?
3, 7, 17, 7549
What are the prime factors of 23238243?
3, 7, 347, 1063
List the prime factors of 298735.
5, 59747
List the prime factors of 5045427.
3, 439, 1277
List the prime factors of 1897209.
3, 29, 2423
What are the prime factors of 982559?
982559
What are the prime factors of 14301069?
3, 43, 59, 1879
What are the prime factors of 166693?
166693
List the prime factors of 2036254.
2, 11, 92557
List the prime factors of 7576030.
2, 5, 7, 11, 9839
What are the prime factors of 312257?
11, 28387
What are the prime factors of 455511?
3, 7, 109, 199
What are the prime factors of 414707?
414707
What are the prime factors of 3182074?
2, 7, 37, 6143
What are the prime factors of 1436569?
113, 12713
List the prime factors of 21342495.
3, 5, 1422833
What are the prime factors of 4415079?
3, 1471693
List the prime factors of 3797679.
3, 73, 17341
List the prime factors of 7883828.
2, 1970957
List the prime factors of 228133.
19, 12007
List the prime factors of 1254364.
2, 557, 563
What are the prime factors of 5016318?
2, 3, 797, 1049
What are the prime factors of 1482214?
2, 83, 8929
What are the prime factors of 2035505?
5, 157, 2593
What are the prime factors of 82403?
19, 4337
What are the prime factors of 3388710?
2, 3, 5, 13, 8689
What are the prime factors of 385015?
5, 77003
List the prime factors of 170799.
3, 17, 197
What are the prime factors of 3506812?
2, 41, 21383
List the prime factors of 580140.
2, 3, 5, 11, 293
List the prime factors of 38755416.
2, 3, 7, 197, 1171
What are the prime factors of 1550711?
71, 21841
What are the prime factors of 7914331?
31, 53, 4817
What are the prime factors of 35178289?
35178289
What are the prime factors of 440240?
2, 5, 5503
List the prime factors of 1961493.
3, 653831
List the prime factors of 54016.
2, 211
What are the prime factors of 3731224?
2, 7, 66629
What are the prime factors of 518194?
2, 17, 15241
List the prime factors of 22715260.
2, 5, 19, 23, 113
What are the prime factors of 153154?
2, 73, 1049
List the prime factors of 857443.
29, 29567
List the prime factors of 241750.
2, 5, 967
What are the prime factors of 206529?
3, 43, 1601
List the prime factors of 164607.
3, 54869
What are the prime factors of 1472493?
3, 11, 44621
List the prime factors of 8629.
8629
List the prime factors of 5513143.
5513143
What are the prime factors of 542419?
17, 31907
List the prime factors of 472324.
2, 118081
List the prime factors of 27316436.
2, 7, 67, 14561
What are the prime factors of 250748?
2, 62687
List the prime factors of 52686.
2, 3, 2927
List the prime factors of 1866880.
2, 5, 2917
What are the prime factors of 178070?
2, 5, 17807
List the prime factors of 9110857.
7, 1301551
What are the prime factors of 39308596?
2, 773, 12713
What are the prime factors of 32494819?
7, 29, 160073
What are the prime factors of 35710?
2, 5, 3571
List the prime factors of 81832.
2, 53, 193
What are the prime factors of 683742?
2, 3, 113957
List the prime factors of 1477429.
31, 47659
List the prime factors of 3709405.
5, 7, 105983
List the prime factors of 404131.
7, 13, 4441
What are the prime factors of 169172?
2, 42293
List the prime factors of 41292639.
3, 1529357
List the prime factors of 716207.
83, 8629
List the prime factors of 115135.
5, 23027
List the prime factors of 2419342.
2, 1209671
What are the prime factors of 4139543?
191, 21673
What are the prime factors of 352562?
2, 7, 25183
What are the prime factors of 9097755?
3, 5, 761, 797
List the prime factors of 2775870.
2, 3, 5, 23, 149
List the prime factors of 973525.
5, 7, 5563
List the prime factors of 796313.
7, 113759
What are the prime factors of 30405237?
3, 59, 283, 607
What are the prime factors of 14121967?
107, 191, 691
What are the prime factors of 13303948?
2, 7, 475141
What are the prime factors of 726852?
2, 3, 7, 17, 509
List the prime factors of 8396778.
2, 3, 13, 83, 12